True
Is 48088346 composite?
True
Is 21476929 a composite number?
True
Is 2395391 composite?
False
Is 13978441 a composite number?
True
Is 439081 a composite number?
False
Is 185413 prime?
False
Is 137927 composite?
False
Is 9744677 prime?
True
Is 1766423 a composite number?
True
Is 2598161 prime?
False
Is 10862029 a prime number?
False
Is 467659 a composite number?
True
Is 19751629 prime?
True
Is 13896481 a prime number?
False
Is 989327 a composite number?
False
Is 59969701 a prime number?
False
Is 20121239 prime?
False
Is 45430391 a prime number?
True
Is 536155861 a composite number?
True
Is 10174205 composite?
True
Is 68494702 a prime number?
False
Is 70782513 a composite number?
True
Is 2976221 a composite number?
False
Is 598603 a prime number?
False
Is 62087617 a prime number?
False
Is 483323171 prime?
True
Is 61826999 composite?
True
Is 352157903 a prime number?
True
Is 6415621 prime?
False
Is 6624659 composite?
False
Is 2100191 prime?
True
Is 39702557 prime?
True
Is 4835697 composite?
True
Is 29439211 composite?
True
Is 488086629 prime?
False
Is 25768673 a composite number?
True
Is 13190291 a composite number?
True
Is 3060137 composite?
False
Is 12072979 prime?
True
Is 39385501 composite?
True
Is 716622043 prime?
False
Is 14566691 a prime number?
True
Is 1596433 a composite number?
False
Is 266079317 prime?
False
Is 15754703 composite?
True
Is 6106579 composite?
True
Is 36969359 a prime number?
False
Is 867257291 a composite number?
False
Is 23096663 prime?
True
Is 3559369 a prime number?
False
Is 2367553 prime?
True
Is 262048529 a prime number?
True
Is 166850729 composite?
True
Is 33211237 composite?
True
Is 461027741 prime?
True
Is 37218457 a composite number?
True
Is 321371555 a composite number?
True
Is 121048429 composite?
True
Is 21706855 a composite number?
True
Is 5005367 a composite number?
False
Is 1714289 prime?
True
Is 2324991 a prime number?
False
Is 13994501 a composite number?
True
Is 24400757 a prime number?
True
Is 1839373 composite?
False
Is 9922939 a prime number?
False
Is 564411 a composite number?
True
Is 41920019 prime?
False
Is 17479783 prime?
True
Is 78450469 a prime number?
True
Is 32498953 a composite number?
True
Is 2351093 a prime number?
False
Is 4530853 prime?
True
Is 197189761 a composite number?
True
Is 24488203 a prime number?
True
Is 110469973 composite?
False
Is 251039 prime?
False
Is 1108818355 a prime number?
False
Is 236202411 a prime number?
False
Is 1792977 a prime number?
False
Is 4757231 a prime number?
True
Is 163488833 a prime number?
True
Is 113343329 a prime number?
False
Is 8437601 a prime number?
True
Is 3814121 prime?
True
Is 38194853 composite?
False
Is 233884139 a composite number?
False
Is 82202521 composite?
False
Is 337951933 composite?
True
Is 490991639 a composite number?
False
Is 29546639 prime?
True
Is 51572737 a composite number?
False
Is 178292911 a prime number?
False
Is 6244789 prime?
True
Is 65378861 composite?
False
Is 262455119 a composite number?
True
Is 105985673 composite?
False
Is 2219765 a prime number?
False
Is 72885499 a composite number?
True
Is 42833459 prime?
True
Is 81505091 composite?
False
Is 29459987 a prime number?
False
Is 10306643 prime?
False
Is 30270395 a prime number?
False
Is 2293367 prime?
True
Is 42505051 a prime number?
True
Is 2088329 prime?
True
Is 315025153 a prime number?
False
Is 945031 a composite number?
False
Is 15745865 prime?
False
Is 10619381 composite?
False
Is 148897277 composite?
False
Is 6881443 prime?
True
Is 9192562 a prime number?
False
Is 20128439 composite?
False
Is 8543657 prime?
True
Is 2680417 prime?
False
Is 985921 a prime number?
True
Is 86870639 composite?
False
Is 1114793 composite?
True
Is 4750439 a prime number?
True
Is 31314709 a prime number?
True
Is 4113311 a composite number?
False
Is 792461 a composite number?
False
Is 364799 prime?
False
Is 2106827 a composite number?
True
Is 85007477 a composite number?
False
Is 8377289 composite?
False
Is 24820855 prime?
False
Is 54292009 composite?
False
Is 7980311 composite?
False
Is 1433611 a prime number?
False
Is 89740727 prime?
False
Is 7637605 composite?
True
Is 11586121 a composite number?
True
Is 7696637 composite?
True
Is 8037559 prime?
True
Is 124893753 a prime number?
False
Is 2180533 prime?
False
Is 78531549 a prime number?
False
Is 237661091 prime?
True
Is 665981 composite?
False
Is 3703549 a composite number?
False
Is 4126205 a prime number?
False
Is 3480221 a composite number?
False
Is 581363 composite?
True
Is 17581261 prime?
True
Is 3133411 a composite number?
False
Is 10795138 prime?
False
Is 253313279 a prime number?
True
Is 57999811 composite?
False
Is 36834143 composite?
False
Is 5894923 a composite number?
True
Is 368237 a composite number?
True
Is 28976497 composite?
True
Is 38766997 prime?
False
Is 963943 composite?
False
Is 5570039 a prime number?
True
Is 1108369829 composite?
True
Is 1632749 composite?
False
Is 58348607 prime?
False
Is 17783621 prime?
True
Is 88216813 prime?
True
Is 1283369 a prime number?
False
Is 252244978 a composite number?
True
Is 67778591 prime?
True
Is 95971957 a composite number?
False
Is 721127 a composite number?
True
Is 1391233 a composite number?
False
Is 547226 composite?
True
Is 5234039 a prime number?
True
Is 10030837 prime?
True
Is 52169 prime?
False
Is 92870891 prime?
False
Is 2782393 a prime number?
False
Is 88795169 composite?
False
Is 124925501 composite?
True
Is 29399611 composite?
True
Is 77233093 a prime number?
False
Is 48040619 a composite number?
True
Is 2582819 composite?
True
Is 2091581 a composite number?
False
Is 233587819 composite?
False
Is 201871351 a prime number?
False
Is 4280581 a composite number?
False
Is 25885663 prime?
True
Is 9742197 prime?
False
Is 12773357 a prime number?
False
Is 5918501 a composite number?
False
Is 7568719 prime?
True
Is 1957953 composite?
True
Is 35740177 prime?
False
Is 24414199 prime?
True
Is 121453091 prime?
True
Is 5344523 prime?
False
Is 157392763 composite?
True
Is 68663103 a composite number?
True
Is 34154111 a prime number?
True
Is 37025683 a prime number?
False
Is 46596023 a composite number?
False
Is 292378159 prime?
True
Is 38791741 composite?
True
Is 4616533 a composite number?
True
Is 14184623 composite?
False
Is 30961819 a composite number?
True
Is 51728731 composite?
False
Is 2532701 a prime number?
True
Is 112113839 a prime number?
True
Is 7449499 a prime number?
False
Is 30950933 composite?
True
Is 204517289 a prime number?
False
Is 30153067 prime?
False
Is 358444274 prime?
False
Is 48171781 a composite number?
True
Is 58839389 composite?
True
Is 4465723 a prime number?
True
Is 24706063 composite?
True
Is 1955111 prime?
False
Is 16477663 a prime number?
False
Is 52126847 a composite number?
False
Is 1547963 a prime number?
False
Is 16059049 a composite number?
False
Is 42091759 prime?
False
Is 6933497 prime?
False
Is 92849343 a prime number?
False
Is 8007463 a composite number?
False
Is 2989619 a prime number?
True
Is 7191683 composite?
True
Is 208039213 a prime number?
True
Is 32437829 prime?
True
Is 814859 a composite number?
False
Is 6585791 a composite number?
False
Is 3080933 a prime number?
True
Is 626415169 prime?
True
Is 3395569 prime?
True
Is 188000999 a composite number?
False
Is 8261147 a prime number?
True
Is 599817601 prime?
True
Is 3474667 a prime number?
False
Is 1666849 prime?
False
Is 1158625501 composite?
True
Is 2929501 prime?
True
Is 47890399 composite?
False
Is 58021619 prime?
True
Is 7895959 prime?
True
Is 2962961 composite?
False
Is 7247137 composite?
False
Is 3374849 composite?
False
Is 127478935 a prime number?
False
Is 884149 a composite number?
True
Is 1193011 a prime number?
True
Is 137050681 composite?
False
Is 699463163 composite?
True
Is 4262443 composite?
True
Is 2763515 composite?
True
Is 1584881 a composite number?
False
Is 152049301 a prime number?
True
Is 2296351 prime?
True
Is 896323 a composite number?
False
Is 158691257 composite?
True
Is 169894471 composite?
False
Is 4405487 a prime number?
False
Is 2401643 a composite number?
True
Is 1632749 composite?
False
Is 225244273 composite?
False
Is 1509727 a prime number?
True
Is 255831187 composite?
False
Is 1598689 prime?
True
Is 25275151 a composite number?
True
Is 58